 + 38, 5*d = -10. Let f = a + -30. What are the prime factors of f?
2, 3
Let m = 41 - -15. Suppose 3*z = -2*b + 53, -5*b = 5*z - 2*z - m. What are the prime factors of z?
17
Suppose -98 = 4*f + 4*a - a, 3*f = -3*a - 72. What are the prime factors of 0/(-2) + (5 - f)?
31
Let n be (-2)/(-4)*8*-1. Let c be -2 - 28/(n - -2). Let t = 2 + c. List the prime factors of t.
2, 7
Let x(g) = -g**3 + 2*g**2 + 3*g + 1. Let l be x(3). Let n = l - -2. What are the prime factors of ((-63)/n)/(2 + -3)?
3, 7
Let l(u) = 5*u + 13. Let f(t) = -t - 3. Let p(n) = 9*f(n) + 2*l(n). Let d be p(5). Let i(h) = 3*h - 4. List the prime factors of i(d).
2
Let u(i) = i**3 + 5*i**2 - 2*i - 6. Let a be u(-5). Suppose 28 = -2*x + 5*x - 4*k, -4 = -a*x - 3*k. What are the prime factors of x?
2
Suppose 3*o = -123 + 150. List the prime factors of o.
3
Let v be (3/(-9)*0)/1. Suppose 0 = -3*u - 5*h + 2 - v, -3*h = 6. Suppose 4*t - 3*w - 33 = -t, 26 = 5*t + u*w. List the prime factors of t.
2, 3
Let i(l) = l + 48. Let q = 23 + -23. List the prime factors of i(q).
2, 3
Let k be ((-8)/5)/((-4)/50). Let r = k + -13. List the prime factors of r.
7
Let b = 1 + 4. Suppose 2*d = b*j + 16, 2*d + 5*j + 29 = 5*d. List the prime factors of d.
13
Let i = -10 - -2. Let s(u) = u - 2*u + 0*u. What are the prime factors of s(i)?
2
Let z(b) = b**3 + 5*b**2 - b - 7. Let w be z(-5). Let u = w + 1. Let k = u + 8. List the prime factors of k.
7
Suppose -4*t + 264 = 2*t. List the prime factors of t.
2, 11
Let z = -5 + 7. Suppose 4*u + z = 3*u + q, 0 = -4*u - 3*q + 27. List the prime factors of u.
3
Let h = -9 - -22. List the prime factors of h.
13
Let a be (-3)/5 - (-42)/(-5). What are the prime factors of ((-17)/(-3))/((-3)/a)?
17
Let t(n) = n**3 - 2*n**2 - 6*n + 2. Let r be t(4). Suppose 3*x - 4*m - 22 = 0, -5*m = x - r*m - 22. List the prime factors of 14 + -6*1/x.
11
Suppose -5*g - 3*b - 24 = 0, 3 = -2*b - 3. Let y be (2/g - -1)*6. Suppose 4*u = 5*j + 85, -u + 35 = y*u + 2*j. List the prime factors of u.
3, 5
Suppose 2*z + 4*p - 98 = 0, 33 = 2*z - 4*p - 25. List the prime factors of z.
3, 13
Let n be (54/(-24))/((-3)/(-32)). Let j = 40 + n. What are the prime factors of j?
2
Let k(q) = q + 3. Let o be k(-3). Suppose -2*i + o*i + 8 = 2*s, -2*i = -2*s - 20. Let t = -1 + i. List the prime factors of t.
2, 3
Suppose -6*v - 80 = -v. Let b = -24 - v. Let x = b + 17. List the prime factors of x.
3
Let b = -3 + 3. Suppose b = -i + 1. Let p = 11 - i. List the prime factors of p.
2, 5
Suppose 0 = -y + 5*y + x - 13, -2*x = -4*y - 2. Suppose y*l = 5*m + 13, l - m = -4*l + 67. List the prime factors of l.
2, 7
Let v be 1113/49 + (-4)/(-14). Let h be (-13)/(-1 - (-1 + -1)). Let g = h + v. What are the prime factors of g?
2, 5
What are the prime factors of (-2140)/8*4/20*-4?
2, 107
Suppose -72 = 4*z + 2*t, z + 4*t - 72 = 5*z. Let m = 7 - -20. Let a = m + z. What are the prime factors of a?
3
Suppose 45 + 303 = 6*h. What are the prime factors of h?
2, 29
Let m = -32 + 60. What are the prime factors of m?
2, 7
List the prime factors of 16/(-56) + (-424)/(-14).
2, 3, 5
Let p(m) = -3*m**3 + 2*m**3 - 10*m**2 + 219 - 214. Suppose -2*f = -3*f - 10. What are the prime factors of p(f)?
5
Let v be 2/5 - 4/10. Suppose 0 = -v*y + y - 1. Let u(g) = 7*g**2 - g. List the prime factors of u(y).
2, 3
Suppose 9 - 5 = 2*r. Suppose -7*y + 55 = -r*y. What are the prime factors of y?
11
Let p = 7 - 2. Suppose p*o = 3*o + 12. List the prime factors of 3/o + 14/4.
2
Suppose -295 - 227 = -2*i. What are the prime factors of i?
3, 29
Suppose -4*r = 4*u - 168, 4*r = 5*r + 5*u - 58. What are the prime factors of r?
2, 19
Let y(k) = 19*k - 31. List the prime factors of y(4).
3, 5
Let j(z) be the third derivative of -z**4/12 - z**3/2 - z**2. Let m(h) = -h**2 - 5*h - 5. Let t be m(-5). What are the prime factors of j(t)?
7
Let v = 220 - 99. Suppose v = 3*r - 29. List the prime factors of r.
2, 5
Let r(l) = 5*l - 23. Let b(u) = -1 + 16 - 6*u + 9. Let k(p) = -4*b(p) - 5*r(p). List the prime factors of k(8).
11
Let r = -3 - 9. Let s = -4 - r. Suppose 4 = 4*o - s. List the prime factors of o.
3
Let y = -11 + 38. Suppose -5*w + 2*b - 5 = 5*b, -5*b - y = -w. What are the prime factors of w?
2
What are the prime factors of ((-183)/(-9))/((-2)/(-6))?
61
Suppose -2*m - 5 + 17 = 4*r, 5*m - 4*r = -26. What are the prime factors of 48 - ((4 - 1) + m)?
47
Let d(r) = r + 42. What are the prime factors of d(7)?
7
Suppose -z + 1 = 4*d, 5*z = -3*d + 8 - 20. Let s(b) = b. Let o be s(z). List the prime factors of (-3)/(2/10*o).
5
Suppose -6*o + 5*b + 32 = -2*o, 5*o = 2*b + 23. Suppose 105 = 5*k + 5*d, -k + 4*d + 124 = o*k. What are the prime factors of k?
2, 13
Let a(u) = 2*u**2 + 11*u - 6. What are the prime factors of a(-9)?
3, 19
Suppose -4*s + 29 = -t, -38 = -s - 4*s + 3*t. What are the prime factors of s?
7
Suppose -5*d + 281 = 4*x, 7*d - x = 3*d + 229. List the prime factors of d.
3, 19
Let d(t) be the third derivative of t**6/120 + t**4/24 - t**3/6 + 4*t**2. Let g be d(0). List the prime factors of (-22)/1*g/2.
11
Let f = 0 - -8. Suppose -8 = -4*u + f, 4*u + 5 = 3*q. List the prime factors of q.
7
Let y(f) = -f + 9. Let i be y(5). Suppose i*z + 27 = a, 5*a + 3*z + z - 39 = 0. What are the prime factors of a?
11
Let d(w) be the first derivative of -w**4 - w**3/3 + w**2 - w + 4. Let c be d(-2). Suppose -4*k = -3*k - c. What are the prime factors of k?
23
Suppose -7 = 5*h + 23. Suppose -4*l + 5 = l. Let n = l - h. What are the prime factors of n?
7
Let s(j) = 2*j + 5. Let p be s(-4). Let h(x) = 2*x**2 + 3*x + 2. What are the prime factors of h(p)?
11
Suppose -2*h = 2*h. Let k be 3/((-3)/(h - -6)). What are the prime factors of k/(-9) + (-22)/(-3)?
2
What are the prime factors of (0 - 17*-1)/(11/33)?
3, 17
Let x(t) = t**3 - t**2 + 2. Let p be x(0). Suppose 0 = -2*l + 2*v + 10, 5*l - 3 = -5*v + p. Suppose 0 = z - l*z + 20. What are the prime factors of z?
2, 5
Let d = 2 + 0. Let a = -5 + d. What are the prime factors of (-2 + -10)*1/a?
2
Suppose 42 = 4*r - 22. Let w = r + -26. Let y = w - -15. What are the prime factors of y?
5
Let s = -4 + 6. Let m(r) = -r + 6. Let v be m(3). What are the prime factors of (27/1)/(v/s)?
2, 3
Let d(v) = -v**3 + 9*v**2 + 4. Let x be d(9). Suppose -11 + 51 = x*q. What are the prime factors of q?
2, 5
Suppose 3*t + 5*d - 318 = 0, 2*t - 5*d - 231 = -2*d. List the prime factors of t.
3, 37
Let f(l) = 18*l**3 - 3*l**2 - 2*l + 7. Let q(v) = -9*v**3 + 2*v**2 + v - 4. Let y(c) = 3*f(c) + 5*q(c). What are the prime factors of y(1)?
2, 5
Let b(k) = 97*k**2 - 2*k. List the prime factors of b(1).
5, 19
Suppose 2*v - 3*f = -137 + 413, 0 = 3*v - 4*f - 416. What are the prime factors of v?
2, 3
Let n be 0/(2/(-3 + 1)). Let a = 12 + n. List the prime factors of a.
2, 3
Let c = 3 + -5. Let k be 2/(c*(-3)/51). Suppose -2*y = -21 - k. List the prime factors of y.
19
Let a = 2 - 0. Suppose 0 = 3*b + a*b - 10, j = 3*b - 6. Suppose 3 = -3*u - 3*l, j = -5*u - 5*l + 4*l + 11. What are the prime factors of u?
3
Suppose -3*t - 2*o + 841 = 0, -3*o - 1406 = -5*t - 2*o. What are the prime factors of t?
281
Suppose -60 = -2*q + 14. Suppose 83 = 2*i - x, -i + x + q = 2*x. What are the prime factors of i?
2, 5
Let i(d) = -d - 9. Let v be i(-8). What are the prime factors of (-2 - -1)/v + 12?
13
Let b be 3/(((-27)/6)/(-3)). Suppose -n = b*n - 6. Suppose -c + 3*x = 13, x + 5 = 4*c + n. List the prime factors of c.
2
Let z(s) be the third derivative of 0*s + s**2 + 0 - 3/8*s**4 - 1/3*s**3 - 1/60*s**5. What are the prime factors of z(-8)?
2, 3
Let b = -7 + 10. Suppose b*p = -5 + 23. List the prime factors of p.
2, 3
Let b = -2 + 2. Suppose 2*p + 22 = -v + 3*v, b = -v + 4. Let k(f) = f**2 + 6*f + 4. List the prime factors of k(p).
11
Suppose u - 8 = -5. Suppose 0*m + 5*j + 34 = m, -m - 6 = u*j. List the prime factors of m.
3
Let m(x) = x**3 + 7*x**2 - x + 8. Let d be m(-7). Suppose d = j - 7. List the prime factors of j.
2, 11
Suppose u - 5*t + 9 = 44, -5*u = -5*t - 215. What are the prime factors of u?
3, 5
Let l(r) = 5 + 4 - 2 - 6*r**2 + 5*r + r**3. Let o be l(5). Suppose 2*g + 2*i = 26, 0 = -5*g - 2*i + o*i + 45. List the prime factors of g.
11
Suppose -12 = -r - 0*r. What are the prime factors of ((-8)/r)/((-2)/12)?
2
Suppose 10 = -0*g + 5*g. Let y = -4 + g. Lis